 n(h) = h**2 + 2*h - 7. Let a be n(-10). Suppose -t = 3*t - 864. Let f = t - a. List the prime factors of f.
11, 13
Suppose -477*h + 101036 = -410*h. What are the prime factors of h?
2, 13, 29
Suppose 3*w = 56 + 46. Let v(z) = 3*z + 30 - 67 - z**2 + w + 2*z**3. What are the prime factors of v(2)?
3, 5
Suppose 0 = -5*b - 3*p - 5, -b + 17 = 5*p - 4. Let f be 0/(2/(b/10)). Suppose c + 741 = 4*c - 3*m, f = 5*m. What are the prime factors of c?
13, 19
Let g be 102/30 + (-3)/(-5). What are the prime factors of (g + (-1276)/16)*-4?
3, 101
Let a(b) = -b**3 - 20*b**2 - 39*b + 6. Let x be a(-18). Let k = x - 24. Suppose -7*d + 8*d - k = 0. List the prime factors of d.
2, 3
Let y be ((-21)/6 + 1)*(-53 - 1). Let u = y - 50. Suppose -u = 6*q - 463. What are the prime factors of q?
3, 7
Let j(q) = -417*q + 6. Let l be j(-1). Let c = 842 - l. List the prime factors of c.
419
Let y(h) = h**3 + 7*h**2 - 14. Let j be y(-6). Let i be 420/110 - (-4)/j. Suppose -i*l = l - 580. List the prime factors of l.
2, 29
Suppose 46005 = 107*r - 453364. List the prime factors of r.
13, 359
Let d(b) = -b + b**2 + 490*b**2 + 33*b**2 + 1. List the prime factors of d(-1).
2, 263
Let f be (20/14)/(14*6/294). Suppose t = 5*i + 4*t - 2999, f*i - 2996 = -2*t. List the prime factors of i.
2, 13, 23
What are the prime factors of 2058 - (39/(-312))/(2/(-144))?
3, 683
Suppose i - 8858 = 4*g, -10*i - 2*g - 56208 = -144956. List the prime factors of i.
2, 3, 17, 29
Let j(c) be the first derivative of -c**4/4 - 7*c**3/3 + c**2/2 + 11*c - 419. Let v = -12 + 4. List the prime factors of j(v).
67
Suppose -8*q + 12*q + a + 613 = 0, -3*q - 458 = -a. Let m = 305 + q. What are the prime factors of m?
2, 19
Let z(p) = 5*p**3 + 169*p**2 - 34*p + 10. Let b be z(-34). What are the prime factors of 954 - b/(-4)*2?
7, 137
Let o = 12 - -15. Suppose o = t - 16. Suppose 44*z - 11 = t*z. List the prime factors of z.
11
Let h be (10/4 - 84/24) + 11089. Suppose -h = -j - 11*j. List the prime factors of j.
2, 3, 7, 11
What are the prime factors of (142/(-4))/(-12*26/80496)?
3, 43, 71
Let l = 48711 - -457. List the prime factors of l.
2, 7, 439
List the prime factors of (-6799)/(4/6*12/(-8)).
13, 523
Suppose -4062 = -21*r + 15*r. Let t = -174 + r. List the prime factors of t.
503
Suppose -9*u + 15 + 21 = 0. Suppose i = -2*o + 12, 4*o = -2*i - 3*i + 36. Suppose 136 = u*v + o. List the prime factors of v.
3, 11
Let w be (-1568)/(-20)*(-40)/(-2). Suppose 8*p - w - 1056 = 0. Let r = p - 176. What are the prime factors of r?
2, 19
What are the prime factors of (-907203)/333*(-1 + -2)?
11, 743
Let y = -24 + 30. Suppose 5*k = 2*h + 1092, -3*h - 651 = -3*k - y*h. What are the prime factors of k?
2, 109
Let p be ((-3)/2)/(26/(-20) + 1). Suppose p*c - 796 + 181 = 0. Let a = c - 77. What are the prime factors of a?
2, 23
Let m be -20*(245/30 + (-2)/(-6)). Let t = 651 + m. What are the prime factors of t?
13, 37
Let o(j) = -297*j - 6. Suppose 0 = 3*i - w + 6, 4*i + 3*w = 4 + 1. What are the prime factors of o(i)?
3, 97
Let s be 4/42 - (-1593614)/357. List the prime factors of ((s/30)/6)/(2/10).
2, 31
Let u(o) = -13*o + 1. Let w be u(-1). Let i(y) = -65 - 75 - 67 - 67 + 6*y + 253. What are the prime factors of i(w)?
3, 7
Let m(n) = 27*n + 22. Let z be m(-4). Let f = z + 319. List the prime factors of f.
233
Let w be (6 + (-5 - -2))*-5. What are the prime factors of 45 - w/10*-4?
3, 13
Let v(g) = -8647*g + 5591. List the prime factors of v(-4).
3, 59, 227
List the prime factors of 9635/((-13)/(-78)*3).
2, 5, 41, 47
Let q be (-115896792)/484 + (-4)/(-22). List the prime factors of q/(-144) - 4/(-36).
1663
Let n(c) = 2*c**2 + 7*c - 29. Let o be n(-9). Suppose 0 = 72*g - o*g - 4. Suppose -4*p + p + 3*v = -45, -g*p - 5*v + 16 = 0. What are the prime factors of p?
13
Let a(f) = 5*f**2 + 7*f - 103 + 66 - 9*f**2. Let i be a(5). Let s = 320 + i. List the prime factors of s.
2, 109
Let g(s) = -16*s - 9 + 16*s**2 + 0*s**3 + s**3 + 0*s**3 - 2*s**2. Let j be g(-12). Suppose 5*v + z = j, 2*v - 2*z = -0*v + 186. List the prime factors of v.
2, 47
Let i = 970 - -6007. List the prime factors of i.
6977
Suppose 5*y + 72007 - 197211 = -l, 3*l + 125208 = 5*y. What are the prime factors of y?
3, 17, 491
Let r(a) = -103*a - 1370. What are the prime factors of r(-50)?
2, 3, 5, 7
Let u = -75 + 71. Let x be (4/(-3))/(7/(-21)). What are the prime factors of (u - (-4)/x - -116) + 0?
113
Suppose -4*c = -21569 - 3243. What are the prime factors of c?
6203
Suppose -b - 2*b - 3060 = 3*x, -3*x = 4*b + 4083. Let a be -3*(-1)/6 - b/(-6). Let q = -75 - a. What are the prime factors of q?
5, 19
Suppose 0 = 5*t - 2*b - 56, 40 + 5 = 3*t - 5*b. Suppose -4*o = o - t. Suppose 162 = 2*h - 2*d, 2*h + o*d = h + 69. What are the prime factors of h?
7, 11
Suppose -6*v = 6, -3*v + 772 = g - 80. What are the prime factors of g?
3, 5, 19
Suppose v - s = 5 - 2, 4*s + 10 = 2*v. Let k be -23 + 26 + v + 1*2. Suppose -3*w + k*w - 112 = -j, -2*j + 4*w + 214 = 0. What are the prime factors of j?
109
Suppose -16*v + 3*v + 5837 = 0. Let o = v - 252. List the prime factors of o.
197
Let l(a) be the third derivative of 1/24*a**4 - 26*a**2 + 8*a**3 + 0 + 0*a. What are the prime factors of l(14)?
2, 31
Let f(b) = -b**3 + 9*b**2 + 40*b - 15. Suppose -3 = 12*j - 111. List the prime factors of f(j).
3, 5, 23
Let z(x) = -1298*x**3 - 3*x**2 - 39*x - 89. What are the prime factors of z(-3)?
101, 347
Let w = -472 + 488. Suppose w*u - 3302 = -10*u. List the prime factors of u.
127
Let c = 2220 - 591. Suppose 22*r = c + 10449. List the prime factors of r.
3, 61
Let a(c) = 2*c**3 - 37*c**2 + 19*c - 15. Let u be a(18). Let d be (-2 + 638/8)/(u/(-12)). Let r = -208 - d. What are the prime factors of r?
103
Let v = -83 + 78. What are the prime factors of -5 - v - -6 - -438?
2, 3, 37
Let v(h) = 88*h + 1270. What are the prime factors of v(53)?
2, 3, 23, 43
Suppose 12*j = -15*j - 81. List the prime factors of ((-64447)/(-10))/17 - j/(-30).
379
Let c(k) = -k**3 - 2*k**2 + 2*k. Let i be c(2). Let d = 266 - 159. What are the prime factors of (d/(-3))/(1*4/i)?
107
Let m be 6/(-6) - 56*-1. What are the prime factors of ((-58)/5)/((-11)/m)?
2, 29
Let n = -53 + 58. Suppose -r = 3*d + 2*r + 9, 0 = -n*d - 4*r - 18. Let x = d - -82. List the prime factors of x.
2, 19
Let l(n) = 3*n**2 - n - 2. Let x be 8 + (1 - -2) + -7. Suppose -25 = -s - 4*p, 0*p - 5*p + 45 = x*s. List the prime factors of l(s).
2, 17
Suppose 7*s - 3*s + 6 = -2*m, s = 4*m - 6. Let b be (10*-1)/(m/7). Let k = b - -177. What are the prime factors of k?
107
Let g be (3*(-10)/(-15))/1. Suppose m - g*q = -62 - 7, 4*m - 3*q = -251. What are the prime factors of -3 - (m + (2 - -1))?
53
Let r(h) = -25*h + 81. Let k(a) = -49*a + 175. Let n(z) = 4*k(z) - 9*r(z). Let o(m) = m**3 - 4*m**2 + 3*m - 2. Let w be o(4). List the prime factors of n(w).
3, 29
Suppose 0*d = 4*f + 5*d + 13, 4*f = 5*d - 3. What are the prime factors of (-4412)/1*f/8?
1103
Let o = -6 + -281. Let p = -82 - o. What are the prime factors of p?
5, 41
Suppose 4*a + 0 + 3 = -3*t, -t - 1 = 0. Suppose -139 = -2*z + j, -z + a*j + j + 68 = 0. Suppose -2*f = -z - 25. List the prime factors of f.
2, 3
Let o(n) = 41*n**3 + 116*n**2 + 19*n + 27. List the prime factors of o(11).
43, 1601
Let v(y) = 35*y - 206. Let o be v(6). List the prime factors of (0 - (o + -888))*(-1)/(-2).
2, 13, 17
Suppose -12*m + 4515 + 1461 = 0. Suppose -16*u + m + 1646 = 0. List the prime factors of u.
2, 67
Suppose -46*b + 60*b = 42. Suppose 3*l + 2*z - 25 = 1529, -b*l + 2*z = -1554. List the prime factors of l.
2, 7, 37
Suppose -k - 7 + 6 = 0. Let v(m) = -4*m**3 - 2*m**2 + m + 1. Let f be v(k). List the prime factors of 66 + -1*(-1 + 1)/f.
2, 3, 11
What are the prime factors of (18/(-12))/((6 - (-1056619)/(-96056)) + 5)?
2, 12007
Suppose 5*g = -5*u + 40, 0 = -2*u - 2. What are the prime factors of (-1952)/24*g/(-6)?
2, 61
Suppose 4*l = 3*l + 5*m + 14, -4*l + 3*m + 22 = 0. Suppose -2 = l*y - 5*y. Suppose 2*n - 248 = -2*f, 6*n + f - 490 = y*n. What are the prime factors of n?
2, 61
Suppose 0 = -7*o + 2*o + 4*m + 4, -4*m = 4*o - 32. Suppose 670 = 2*j - 4*g, 5*g - o*g = -5*j + 1675. What are the prime factors of j?
5, 67
Let g = -437 - -438. List the prime factors of (1428 + 58)/(2/g).
743
Let w(n) = n**3 - 9*n**2 +